52. Is n a prime number?
False
Let v(u) = u**3 + 3*u**2 - 3*u + 3. Let p be v(-3). Let g = 9 - p. Is -191*((-8)/2 - g) a composite number?
False
Let v be (-2 - (-4 - -2))/(-1). Is v - (2 + -2) - -79 a prime number?
True
Suppose 2*q - 1 = -5*h, -q + 6 = -4*h + h. Suppose -5*a = -2*k + 223, -a + 12 = q*a. Is k a prime number?
False
Let u(z) be the second derivative of -z**3/6 + 99*z**2/2 - z. Let p be u(0). Let b = -2 + p. Is b a composite number?
False
Let w(u) = u**3 + 15*u**2 + 19*u. Is w(-13) prime?
False
Suppose -5*z - s + 1252 = 0, -2*z + 4*s + 1267 = 3*z. Is z a prime number?
True
Let p = 12 + -12. Let o(u) = u**2 + u + 46. Is o(p) a composite number?
True
Suppose 0 = -4*t - 3*u, -28 = -4*t - 0*t + 4*u. Suppose t*o - 2*j = -266, 0 = o - 3*j + 74 + 17. Let s = -11 - o. Is s a prime number?
False
Let h(y) = -y**2 + 6*y + 3. Let l be h(6). Is -2*((-26)/4 - l) composite?
False
Let u(p) = 383*p - 4. Is u(1) composite?
False
Suppose 2*o - 8 + 2 = -v, 4*v - 3 = -o. Suppose p + 106 = o*p. Is p a prime number?
True
Let m = 39 + -6. Is m composite?
True
Let z(p) = p**3 - p**2 - 2*p + 4111. Is z(0) a composite number?
False
Let k(x) = 3*x**2 - x + 15. Let y be k(12). Is (12/(-20))/((-3)/y) composite?
True
Let f = 12 - 10. Suppose 5*k - f*k = -3, 4*j - 267 = -k. Is j a prime number?
True
Let n(s) = 140*s - 6. Is n(1) composite?
True
Let f = 224 - -165. Is f prime?
True
Let u(z) = z. Let f(r) = 5*r + 10. Let w(i) = f(i) - 4*u(i). Let j be w(-8). Suppose -5*k - 20 = 0, 4*y + 4*k = j*y + 358. Is y a composite number?
True
Let y(j) = -j + 14. Let u be 2/9 + 12/(-54). Is y(u) a composite number?
True
Is 2 + 0/(-3) + 219 composite?
True
Let c = -8 + 21. Let v = c - -222. Is v a composite number?
True
Let d(g) = 4*g - 3. Let m be d(2). Suppose -3*p + 204 = 3*j, -m*j - 5*p = -10*j + 330. Is j prime?
True
Let y = -5 + 7. Suppose 3*c = -3*w + 243, y*c + 73 = w + c. Is w a composite number?
True
Let v(j) = j**2 + 3*j - 4. Let b be v(-4). Let f = 4 + b. Suppose 53 = f*t + 9. Is t prime?
True
Let d be (2/2)/((-7)/(-21)). Suppose -d*z + 2*v = 0, 4*z - 7*v + 2*v = -7. Is (-6)/(z + 1) - -24 composite?
True
Let n be (-2 - 1*-2)/1. Let j be (n/1 - -2) + -2. Suppose 0 = 2*r - j*r - 4*l - 90, l - 236 = -5*r. Is r composite?
False
Let p = -2099 - -3538. Is p composite?
False
Let f = 466 - -196. Suppose -m + 3*m = f. Is m a prime number?
True
Let j(f) = 4 - 4*f + 2*f + f + 157*f**2 - 3. Is j(-2) a prime number?
True
Let o = -116 - -275. Is o composite?
True
Suppose -3*n - 5*s = -1247, 0*s - 4*s + 16 = 0. Is n composite?
False
Let h(n) = 16*n**3 - 2*n**2 + 1. Let l be h(1). Suppose d - l = v - 171, -4*d = 3*v - 482. Is v*1*1/2 composite?
False
Suppose 2*m + 216 + 302 = 2*r, 4*r - m = 1030. Is r a composite number?
False
Let f = -122 + 80. Let g = f - -124. Let q = g + -59. Is q prime?
True
Is (-1989)/(-18)*2*1 a composite number?
True
Let q = -57 + 110. Is q a composite number?
False
Suppose 2*n - 5554 = -0*n. Is n a prime number?
True
Let h(b) be the second derivative of -b**4/12 + 5*b**3/6 - 5*b**2/2 + 3*b. Let r be h(4). Is 49 + (2 - (r + 3)) prime?
False
Let c = 556 - -361. Is c prime?
False
Let b be -1 - 0 - -3*5. Suppose 206 = 4*f - b. Is f a prime number?
False
Let o be 114/(-27) - 2/(-9). Let w be 12/(o*1/(-10)). Suppose 4*b - w = -b. Is b a composite number?
True
Let b = 227 - -30. Is b a composite number?
False
Let k(m) = -m**2 - 3*m + 3. Let u be k(-3). Let d(v) = 26*v + 1 - 1 + u. Is d(5) a composite number?
True
Suppose -3*o = -4*o + 1363. Is o a composite number?
True
Suppose 2*s = 5*b - 11769, -b - 3*s = -8*s - 2363. Is b a prime number?
False
Is 29 + (0/((-2)/2) - 3) a composite number?
True
Let f(o) = -o**2 + 2*o - o**2 + 5 - 2*o**3 - 2. Is f(-3) prime?
False
Suppose 2*r - 847 = -0*r - 3*c, -5*c = -5*r + 2105. Is r a prime number?
False
Let u(b) = -b**3 - 10*b**2 - 11*b - 11. Suppose 70 = 3*m + 2*s, 3*s + s + 124 = 5*m. Let z be m/(-2 - 0) + 3. Is u(z) composite?
False
Let s = -2 - -1. Let o(j) = -27*j - 3*j - 7*j. Is o(s) composite?
False
Let l(s) = s**2 - 3*s - 4. Let f be l(4). Suppose 0 = -5*h + y + 409, 93 = 3*h + 3*y - 156. Suppose 0 = -k - 3*g + h, 8*k - 3*k - g - 330 = f. Is k composite?
False
Let x = 108 + -41. Is x a prime number?
True
Suppose -3*a - 20 = 5*v + 7, -5*v - 15 = 0. Is ((-13)/a)/(1/12) composite?
True
Suppose 4*h - 2727 = -x, -5*h + 3*x + 2034 = -2*h. Is h a prime number?
False
Let t(u) = -u**2 + 4*u + 5. Let a be t(4). Suppose -3*c = -3*i - 608 - 157, -c + 247 = -a*i. Is c a composite number?
False
Suppose -h = -3*k - 126, 7*h + 5*k = 10*h - 374. Is h prime?
False
Suppose g + 476 = 2*l, -3*l + 2*g = 5*g - 705. Is l a prime number?
False
Suppose 5*k - 71 = 264. Let q be 1/(3 - 200/66). Let t = q + k. Is t a prime number?
False
Suppose m = -0*m - 465. Let k be (-2)/(471/m - -1). Let d = -44 + k. Is d a prime number?
False
Suppose 2*c - 20 = -4*w, -4*c - w - 2*w = -25. Suppose -i = 4*o + 18, -2 = -2*i + c*o + 10. Let d(a) = -3*a**3 - a**2 + 3*a + 1. Is d(i) composite?
True
Let t be (-7)/((-7)/426) - -3. Suppose v - 439 = -6*f + 2*f, -3*v = 4*f - t. Is f composite?
True
Suppose -2*v - 13 = -w + 3*v, 3*v = -9. Let u(x) = -2*x - 12*x**3 + 5*x**3 + x + 5 - 4. Is u(w) prime?
True
Let r(i) = i + 6. Let f be r(-3). Suppose -2*s = 5*x + 2*s - 355, -f*s - 320 = -5*x. Is x a prime number?
True
Let w(y) = -y**2 - y + 5. Let v be w(4). Let u = 100 - v. Is u prime?
False
Let t(y) be the first derivative of y**4/4 - 2*y**3 + y**2/2 + y - 14. Let i = 4 - -3. Is t(i) a composite number?
True
Suppose 300 = 4*p + m, 4*m = 4*p - 73 - 207. Is p composite?
True
Let f = 12 + -6. Let o be 6/(-9) + 118/f. Is o/3 - (-4)/6 a composite number?
False
Suppose -8*j + 11*j - 993 = 0. Is j a prime number?
True
Suppose 13 = v + 3*n, 0*n + 3 = n. Suppose -749 = -5*k - v. Is k a prime number?
True
Let g = 1176 + -332. Suppose -5*q = -q - g. Is q a prime number?
True
Suppose -p = 1 - 0. Is (75/(-3))/(p + 0) a prime number?
False
Let k(j) = 232*j + 3. Suppose 5*f - 24 + 14 = 0. Is k(f) composite?
False
Suppose 0*c + 2*c + 40 = -5*i, -i + 2*c + 4 = 0. Is i/(-4) + 191/2 prime?
True
Let j(c) = -c. Let r be j(0). Let n(h) = -2*h**2 + 31 + 0*h**2 + h**2. Is n(r) a prime number?
True
Let q be (-3 + 2)*(0 + 0). Suppose 0 = -q*j + 2*j - 4. Suppose -j = c - 13. Is c a prime number?
True
Suppose 2*v + 204 = 830. Let j = v + -216. Let z = 146 - j. Is z composite?
True
Suppose 22 = 2*w + 2*i, -2*i + 25 = -4*w + 93. Let p be (-48)/(-10) - (-3)/w. Suppose 4 = 2*m, -2*y + 0*m + 332 = p*m. Is y prime?
False
Is (-56)/(-14) + 334 + -1 a composite number?
False
Let b = 9 - 5. Suppose -2*q = -b*c + 36 - 6, -3*q = 5*c - 32. Let y = c + 0. Is y a composite number?
False
Suppose 2581 = 2*v + 3*b, -5*v + 5*b + 4713 = -1702. Is v a prime number?
False
Suppose 13 = 2*u - 15. Let w be 1/2 + u/4. Suppose -2*b + 2*a = 2*b - 56, -w*b + a + 58 = 0. Is b composite?
True
Suppose 2*x = -2*x. Let c be 36 + 4/(x + -2). Let m = c - 15. Is m a composite number?
False
Let j = 17 - 12. Let f(x) = -x**3 + 12*x**2 - 7*x + 5. Is f(j) a prime number?
False
Is (-6)/(-4)*242/(-6)*-2 composite?
True
Suppose -3*n + 1114 = z, n - 373 = -z - z. Is n a prime number?
False
Suppose -74 = -2*w + 78. Suppose -2*u = -0*u - w. Is u a composite number?
True
Let i(u) = -u**3 + 7*u**2 - 2*u + 3. Let k be i(7). Let n = k + 80. Is n a prime number?
False
Suppose 0 = 3*c + 3*s - 66, -2*s - 32 = -5*c + 99. Is c composite?
True
Let s be (-1)/(1 - (-8)/(-10)). Let u be 2/s + 21/15. Let f = 5 - u. Is f composite?
True
Is 11/(-22)*(1 + -6816 + 1) prime?
True
Suppose -2*u + 5*q - 42 = -15, -3*u + 5*q - 28 = 0. Is u*174/(-4 - -2) a composite number?
True
Suppose 0 = 2*w - s - 78, -14 = -w - 5*s + 36. Let t = w + -21. Is t prime?
True
Let k(r) = -278*r - 45. Is k(-7) prime?
True
Suppose -43370 = -5*k - 7975. Is k a prime number?
True
Suppose -3*c = -k - 124 + 605, 16 = -4*c. Is k prime?
False
Suppose -4*f + 4 = -4*p, -p + 6 - 15 = -5*f. Let s(g) = -13*g + 4*g + 41*g + 15*g. Is s(p) prime?
True
Let d = 1092 + -205. Is d prime?
True
Let n(c) = 12*c**2 + c + 2. Is n(7) composite?
True
Let c(b) = 220*b**2 - 7*b + 11. Is c(2) composite?
False
Is (2 - 0) + (-126)/(-4)*14 a composite number?
False
Let o(q) = q**3 - 5*q**2 - 5*q + 4. Let x = 0 